(h) = 8*h**2 + 10*h - 23. Is y(d) prime?
False
Suppose -9*b + 73497 = 4*c, 0 = -4*c - 9*b + 14*b + 73427. Is c composite?
True
Let l be (-4 + 3)*(5 - 2 - -12). Is 9569/28 - (l/12 + 2) a prime number?
False
Let y = 62 + -58. Suppose -4048 = -y*s + 4*q, -q - 1858 = 4*s - 5911. Suppose -2*n + s = -3801. Is n composite?
True
Suppose -3*a + 0*a - 3*t = -30, -t + 1 = 0. Let w be (1/(-2))/(a/(-54)). Suppose 0 = -5*y + w*r + 2092, 470 - 52 = y - r. Is y a prime number?
True
Suppose -2*s + 0*s = -862. Let c = -1401 - -2011. Let q = c - s. Is q a prime number?
True
Let s(g) = 3*g - 15. Let u be s(5). Suppose 2*w = -5*j + 4547, 4*w + 16 = -u*w. Suppose j = -5*o + 13386. Is o a prime number?
False
Let m(p) = -707*p - 53. Suppose -66*u - 110 = -11*u. Is m(u) prime?
True
Is (-79)/(((-165)/14205)/11) prime?
False
Let k be (2 - 0)/((-2)/4021). Let w = k - -7968. Is w a composite number?
False
Let m(h) = -35*h**3 + 10*h**2 + 3*h - 54. Is m(-8) a composite number?
True
Suppose 32016 = 47*b - 45*b. Suppose -12*r + b = 12*r. Is r prime?
False
Suppose i - 3*s = 23953, 3*i + 12413 = s + 84272. Is i a prime number?
False
Let p be (11*(-1)/2)/((-2)/4). Suppose -p*l - 837 = -14*l. Suppose 789 = 2*s + g, l = -2*s - 5*g + 1048. Is s composite?
False
Suppose -130 = -21*y + 11*y. Is y*79 - (-5 - -5) prime?
False
Suppose -18 = 5*c + 2. Let p(n) = -237*n + 45. Let t(v) = 119*v - 23. Let s(i) = 6*p(i) + 11*t(i). Is s(c) composite?
True
Let p be (-1*1 + -2)*-1. Let v = -4911 + 9752. Suppose p*w - 2*w - 1220 = 3*k, 4*w + k = v. Is w a prime number?
False
Let f(c) = -c**2 + 30*c - 41. Let k be f(27). Is -2*110760/(-25) - (-8)/k a composite number?
False
Let o be 21/(-35) + 222129/15. Let p = o + -10117. Is p a prime number?
True
Let j(h) = 1889*h**3 + h**2 - 1. Let z be (-12)/10*(-30)/12. Suppose -4*k - d = -8, -z*d + 3 = 5*k - 14. Is j(k) composite?
False
Suppose 7*d - 1024316 = 2499743. Is d prime?
False
Suppose -91*t = 146*t - 98406429. Is t a composite number?
True
Let g = 150087 - 27950. Is g a composite number?
True
Let a(b) = -b - 160. Let k(h) = h**2 + h + 79. Let v(m) = 6*a(m) + 11*k(m). Is v(20) a composite number?
False
Suppose 9*a = 5*a + 8. Suppose 0 = 3*k + 2*k + 5*q - 75, 0 = 5*k - a*q - 96. Suppose 23*p - 745 = k*p. Is p a prime number?
True
Let b(l) = l**3 - 5*l**2 + 5. Let z be b(5). Suppose 4*w + 2*t = 216, -z*w + 267 = 2*t - t. Is w a prime number?
True
Suppose 0 = 5*d + 3*w - 4092, -3*d = 2*d - w - 4096. Is (d - -2) + 0/1 a prime number?
True
Let b be (-44232 + 2)*(-4)/8. Suppose 9*d = 12976 + b. Is d a prime number?
False
Let g be -2*4527*(-6)/(-36). Let x = g - -2338. Is x composite?
False
Suppose -j + 4*n + 16 = -0*j, 0 = 5*j + 5*n + 20. Is 44/22*(22233/6 - j) a prime number?
True
Is 4/(-14)*42/(-3) + 487905/15 composite?
False
Suppose 0 = 109*t - 6322950 + 104239 - 696576. Is t prime?
True
Let a = -16198 - -24819. Suppose 30*w + a = 43151. Is w prime?
True
Suppose 4*j - 3*l - 22704 = 2*l, 3*l + 5683 = j. Is j a composite number?
True
Let x = 537 + -943. Let w = x + 237. Let m = w - -860. Is m prime?
True
Let j = 33612 + -8465. Is j prime?
True
Let m be ((-124524)/(-9))/(6/9). Let k = -9443 + m. Is k a composite number?
False
Suppose 2*c - 1727 - 6539 = -2*a, -8281 = -2*c + 3*a. Let r = c - 1537. Is r composite?
True
Suppose 1032945 = -69*y - 67*y + 7881769. Is y composite?
False
Let a(v) = -v**3 - v + 13. Let f be (6/5)/(6/45*-1). Is a(f) a composite number?
False
Suppose 25*l - n + 500219 = 27*l, 0 = l - 4*n - 250105. Is l prime?
True
Suppose -5*x + 3*c = -1961060, 3*c + 1176642 = 17*x - 14*x. Is x composite?
False
Let j = -69479 - -182968. Is j composite?
False
Suppose 4*m - 74 = -z, -5*m + 100 - 7 = z. Suppose m = k - 0*k. Let i = k + 518. Is i a prime number?
False
Let p(s) = 5*s**3 - 2*s + 1. Let f be p(1). Suppose 1507 + 2848 = 152*y - 8413. Suppose y = f*j - 656. Is j a composite number?
True
Let u be 2121/18 - (-2)/12. Let n be -156*4*5/(-30). Let m = u - n. Is m a composite number?
True
Is 10 - 17 - -681434 - 24 a composite number?
False
Let w(h) = h - 14. Let u be w(18). Suppose 25 = 5*x, -4*o + 102504 - 32448 = -u*x. Is o a composite number?
False
Let h(x) = -x**2 + x - 45. Let g be h(0). Let s = 68 + g. Suppose -25*l + 1266 = -s*l. Is l composite?
True
Suppose 3*v = s - 7, 3*s + s - 39 = v. Let m be ((-4)/(-6))/(s/75). Suppose 3*b = 2*p - 2733, -7*p - 3*b = -m*p - 2751. Is p prime?
False
Suppose 0*s - 3*w = -8*s + 37580, 8 = 2*w. Is s prime?
False
Suppose 96*t + 9*t - 12483030 = 0. Is t composite?
True
Suppose m - 8*m + 21 = 0. Suppose 49096 + 15944 = m*l. Suppose 4*t = 5*w + 43387, t + l = 3*t + 2*w. Is t a composite number?
True
Let d(y) = -28074*y - 12. Suppose -2*z - 10 = 4*i, -2*z - 2 = 4*i - 2*i. Let p be d(i). Is p/84 + (-2)/(-7) prime?
False
Suppose 5*v + 156*h - 48293 = 160*h, 4*v + 4*h - 38656 = 0. Is v a composite number?
False
Let f(p) = -4*p**2 - 12*p - p**2 - 25*p**2 + 7 + p**3 - 33. Is f(31) a composite number?
False
Let d be (-3 - 1364/(-8))*-2. Let j = 22 + d. Let b = j - -572. Is b prime?
False
Suppose 5*l - 3*f = 334105 + 481783, l = 3*f + 163180. Is l prime?
False
Let x(q) = q**2 - 15*q - 6. Let c be x(16). Is 13731/c - (-7)/(-70) composite?
False
Suppose 17*q - 95 = -2*q. Suppose 3*h = 0, 4*h - 27035 = -q*m - 0*h. Is m composite?
False
Let g(j) = 6*j**3 + 55*j**2 - 34*j - 71. Let f(w) = w**3 + 11*w**2 - 7*w - 14. Let m(c) = 11*f(c) - 2*g(c). Let z be m(8). Suppose t - 49 = z. Is t prime?
True
Suppose -5*n - 2*q - 83 = 0, -n - q = 2*n + 50. Is (459 + 2*-1)/(n/(-85)) a composite number?
True
Suppose 0*s + 3*s = -312. Let x = s - -112. Suppose -x*k + 6819 + 437 = 0. Is k composite?
False
Let a = 759281 - 492912. Is a a composite number?
False
Let p be -60*((-11)/2 - (-12)/3). Is 426*5*3/p prime?
True
Let g be ((-133)/21 - -3)*3/2. Is 2*g/(-4) + 4083/6 a prime number?
True
Suppose 22*v + 3*s + 33452 = 24*v, -s = -2*v + 33448. Let i = v + 11250. Is i a composite number?
True
Let n be ((-15)/(-21) + (-6)/(-21))*0. Suppose 4*x - 6658 + 1134 = n. Is x a composite number?
False
Suppose 21204 = -2*m + 5*m. Let i(l) = -158*l**3 + 12*l**2 + 13*l + 15. Let r be i(-4). Let p = r - m. Is p a composite number?
True
Let v(q) = 10*q**2 + 2*q - 15. Let p be v(4). Suppose p = w + 2*t, 0 = -3*w - 2*t + 387 + 56. Is w composite?
True
Let n(y) be the second derivative of -99*y**5/20 - y**4/6 - y**3/6 + 3*y**2/2 - 4*y + 8. Is n(-5) a prime number?
False
Let b(x) be the third derivative of 9*x**5/20 + 5*x**4/12 + 2*x**3/3 - 43*x**2. Is b(7) a prime number?
False
Suppose 0 = -2*z + 6, -3*z - 31 = -c - c. Suppose 30*i + c = 34*i. Suppose 0*h + 2*h + 3*a = 1267, -i*a = -2*h + 1307. Is h prime?
True
Let z = -303 - -301. Is (-55608)/(-112)*(z - 8/(-3)) prime?
True
Let g(d) = -3*d - 21. Let z be g(-9). Suppose -z*u - 5*k + 111745 = -2*u, 0 = 2*u - 5*k - 55865. Suppose -1848 + u = 19*y. Is y a prime number?
True
Suppose 0 = -9*b + 19*b - 70. Suppose 3 = h, b*i + h = 2*i + 18. Suppose -67 = -i*c + 2*t, -4*c - t = c - 90. Is c composite?
False
Suppose -79*d - 51*d + 50075450 + 96489020 = 0. Is d a composite number?
True
Let a(i) = 4*i**2 - 147*i - 29. Let x be a(37). Suppose -x*w + 9*w - 5323 = h, 4*w - 21278 = -3*h. Is w a prime number?
False
Let f = 110540 - 37263. Is f composite?
False
Suppose 16 - 24 = -8*g. Is ((-35718)/(-6))/((-5 + g)/(-4)) a composite number?
False
Let r be 2/(-8) + 26050/8. Suppose -r = -5*w + w. Suppose -w = -3*j + 65. Is j a prime number?
True
Let v be (-1421)/(-7 + 1 + 5). Let k = 3754 - v. Is k prime?
True
Suppose 41*d + 782150 = 13097935. Is d composite?
True
Let n = 107 - 107. Suppose n = 14*r - 10147 - 2551. Is r composite?
False
Let p(a) = 32*a - 60. Let x be p(2). Suppose 5*o - 10343 = x*o. Is o composite?
False
Let c(j) = -365*j - 47 - 57*j - 23*j. Is c(-12) composite?
True
Let w(z) = 2*z**2 - 2*z - 13. Let n be w(3). Let y(q) = 1010*q**2 + 14*q + 1. Is y(n) a composite number?
False
Suppose -7*s - 40 - 2 = 0. Is 4/s*15/(-10) + 184 composite?
True
Let h = 235497 - 81088. Is h prime?
True
Let u(m) = -4177*m + 14. Let k(c) = -1392*c + 5. Let y(n) = -8*k(n) + 3*u(n). Suppose 4*p + 8 = -2*z - 4, -4*z - 16 = 0. Is y(p) prime?
False
Is (-60)/385*77/22 + 7367086/22 composite?
True
Let u = 957 - -867. Suppose 4*d + 3*d = 2